14
Let b(d) = -2*d**3 - 6*d**2 + 8*d - 18. Let r be b(-6). Suppose -g + r = 3*m, g = 6*g - 5*m - 850. Calculate the highest common factor of g and 33.
33
Suppose -3*b = 3 - 15, -3*t - 5*b + 62 = 0. What is the highest common factor of 84 and t?
14
Suppose 91*y - 93*y - 5*d + 75 = 0, 2*d = 2*y - 82. What is the highest common factor of y and 40?
40
Let z be 6/63*3 - (-15320)/35. Suppose -5*b + 242 + z = 5*j, 5*b = 3*j + 680. What is the highest common divisor of 8 and b?
8
Let w be 1002/15 + (-8)/(-40). Let b = -40 + w. Calculate the highest common factor of 27 and b.
27
Suppose 4*c - 284 = o - 5*o, -2*c - 5*o + 157 = 0. Let s(v) = 2*v + 22. Let n be s(-10). Suppose -n*l + 6*l = 24. What is the highest common divisor of l and c?
6
Let n(v) = v**2 - 12*v + 35. Let j be n(18). Suppose -t = -3*h + j - 43, 0 = -h - t + 28. Calculate the greatest common divisor of h and 2.
2
Suppose -4*i + 8*i + 3*h - 6540 = 0, -3*i + 4884 = -3*h. What is the greatest common factor of i and 102?
102
Suppose 7*r + 3608 = 29*r. What is the highest common factor of 4 and r?
4
Suppose 15 = 21*q - 16*q. Suppose -4*m + 0*m + 155 = -h, 123 = q*m - 3*h. Calculate the greatest common factor of 76 and m.
38
Suppose 17*o = 16*o + 54. What is the highest common divisor of o and 135?
27
Suppose 0 = 10*y - 9*y - 2. Suppose y*n - 79 = 23. Calculate the greatest common factor of 34 and n.
17
Let i(g) = g**3 + 2*g**2 + g + 6. Let q be i(-3). Let m be 3*(2 + (-1)/q*10). Calculate the greatest common divisor of m and 11.
11
Suppose -7 = -2*r + 15. Let z be 0 + r - (-4 + 4 - 0). Let g = 86 - 9. What is the greatest common divisor of z and g?
11
Let p(h) = h**3 + h + 4. Let o be p(0). Let k be o + 0 + (79 - -5). What is the highest common divisor of k and 11?
11
Let o(b) = -b**2 + 9. Let q be o(-3). Suppose q = 2*r + 2*r - 4*i - 96, -5*r = -3*i - 126. What is the highest common factor of 18 and r?
9
Let x be ((-34)/5)/((-12)/840). What is the highest common divisor of x and 28?
28
Let n = 190 - 29. Suppose -3*t = 4*t - n. What is the highest common divisor of 207 and t?
23
Suppose 2*a - 5*c - 21 = 0, 3*a - 3*c - 39 = 2*c. Suppose 3*q + 27 = -270. Let u be (-207)/(-11) - a/q. Calculate the greatest common divisor of u and 38.
19
Let h be -4*271/(-12) + 2/(-6). Suppose -8 = 4*b + 4*p - 44, 5*b - 4*p = h. What is the highest common factor of 35 and b?
7
Let w = 699 + -514. Calculate the highest common factor of w and 148.
37
Let x be (2/4)/((-6)/(-624)). What is the highest common divisor of 234 and x?
26
Let p(j) = 2*j - 3. Let b be p(4). Let l = -45 + 85. Suppose o - l = -o. What is the greatest common factor of b and o?
5
Suppose 0 = -2*m + 8*m - 60. Let d be 4*(-4)/m*-5. Calculate the highest common factor of 32 and d.
8
Suppose 57 = 2*k - 2*y + 7*y, -3*k - 3*y + 72 = 0. Let v = 59 + -40. Suppose -x - 4*w = 0, -k = -x + 4*w + v. Calculate the highest common divisor of 10 and x.
10
Let k be (-243)/(-15) + 0 + 2/(-10). Let c be (-3)/(18/k)*(-396)/24. What is the highest common divisor of c and 11?
11
Suppose -2*v = 3*v + 60. Let m be (-2038)/14 - v/(-28). Let q be m/(-12) + (-8)/48. Calculate the highest common factor of q and 132.
12
Let q be ((-220)/6)/((-5)/15). Let h = 175 - 131. What is the greatest common divisor of q and h?
22
Let w be (48/12 - 9) + 212. What is the greatest common factor of 27 and w?
9
Let w be (-13 + 1)/(-1 + -1 - -1). Let t be 5/(60/729) + w/(-16). What is the greatest common factor of 20 and t?
20
Let y(j) = -2*j**3 - 5*j**2 - j + 14. Let g be y(-3). Suppose -2*s + p + 49 = 0, 5*s + p - 194 = -61. Calculate the highest common factor of g and s.
26
Let q = 11 - 27. Let x = q + 86. Calculate the greatest common factor of x and 10.
10
Let l(d) be the first derivative of -d**4/4 - 2*d**3 - 6*d**2 + d + 3. Let b be l(-5). Calculate the greatest common divisor of 4 and b.
4
Suppose 0 = -11*o + 8*o - 108. Let j be (o/(-3) + -2)*-1. Let x = 60 + j. What is the greatest common factor of x and 5?
5
Suppose 34*l = 32*l + 98. Suppose 5 = 6*o - l. What is the highest common factor of o and 99?
9
Let r be 2 + 24/(-2*2) - -3. Let p be (2 - 68)/(1/r). Calculate the greatest common divisor of p and 44.
22
Suppose 5*l - 6*c = -9*c + 22, l - c = -2. Suppose -2*x = -2 - 4. Suppose -x + 2 = -u. What is the greatest common divisor of u and l?
1
Suppose -4*x - 2 = r + 7, r - 26 = 3*x. Let d = 48 + 40. What is the highest common divisor of d and r?
11
Let h = -38 + 70. Calculate the greatest common divisor of 32 and h.
32
Let b(s) = 99*s - 26. Let p be b(6). Calculate the highest common divisor of 8 and p.
8
Suppose 2*u - 6 = k, 2*k + u = 2*u + 3. Suppose -k = 3*y + 4*f, y - 2*f - 2 = -2*y. Let l be 2 + 0 + y + 34. Calculate the greatest common factor of l and 24.
12
Suppose 17 + 23 = 4*k. Let n = -107 + 197. Suppose 0 = -37*l + 34*l + n. Calculate the greatest common divisor of k and l.
10
Suppose 130 - 706 = -8*w. What is the greatest common factor of 204 and w?
12
Let h be ((-1)/(-2))/(-3 + (-7)/(-2)). Suppose -u - u + 14 = 0. What is the greatest common divisor of h and u?
1
Suppose 2*f = -48*q + 46*q + 2702, -3*f - 2707 = -2*q. Calculate the greatest common factor of q and 208.
104
Let x(h) = -2*h**3 - h**2 + h - 1. Let w be x(-2). Let r be w*(-10)/(-9)*3. Calculate the greatest common divisor of 20 and r.
10
Suppose -u + 0*u + 13 = 0. Let m = 45 + -1. Let f = m + u. What is the greatest common factor of f and 38?
19
Suppose -62 - 421 = -7*d. Let z be 31165/d - 2/3. Calculate the highest common factor of 41 and z.
41
Suppose -6*g + 1927 = -665. Calculate the greatest common factor of g and 16.
16
Let s be 9/((-18)/(-4)) + 15. Suppose -4 = 3*i + 2*z + 3, 0 = -2*i + 3*z + s. Calculate the greatest common factor of i and 7.
1
Let f be 15/(-75) - (-86)/5. Let s = 543 + -256. Let x = s + -202. What is the highest common divisor of x and f?
17
Suppose 0 = 7*k - 921 + 53. Suppose -p - 3*h + 71 = 0, 0 = -4*p + 6*p - 3*h - k. Calculate the greatest common divisor of p and 26.
13
Let b(m) = -m**3 - 9*m**2 + 6*m - 7. Let q be b(-10). Let f be ((-45)/18)/((-1)/6) - 4. Calculate the greatest common divisor of f and q.
11
Let d be 6/(-9) + (-65)/(-3). Let q = -6589 - -6673. What is the greatest common factor of q and d?
21
Let t(h) = 149*h - 3*h**2 - 161*h + 4*h**2 + 18. Let g be t(11). What is the highest common divisor of 28 and g?
7
Let b = 4653 - 4645. Suppose 96 = 8*y - 4*y. Calculate the highest common divisor of b and y.
8
Let g be (0/(-1))/2 + 11. Suppose 0 = 5*y + 20, 12*l - 88 = 10*l - 3*y. Suppose -g*b + l = -9*b. What is the highest common factor of 125 and b?
25
Suppose 3*b + t - 4*t - 393 = 0, 3*t - 267 = -2*b. Let z = b + -82. What is the greatest common factor of z and 20?
10
Suppose -2*z = r - 17, 2*z - 4*r - 12 = -0*z. Calculate the highest common divisor of z and 332.
4
Suppose 23*u - 220 = 22*u. Calculate the greatest common factor of 20 and u.
20
Let u(g) = g**2 + 5*g - 16. Let m be u(6). Calculate the highest common divisor of m and 125.
25
Suppose 5*f = -h + 16, -2 = h + 2. Suppose 0*w - 2*w - 5*a + 43 = 0, -4*w = f*a - 56. What is the greatest common factor of w and 18?
9
Suppose 5*y + 61 = 14*f - 10*f, -5*y = -f + 34. Calculate the highest common divisor of f and 96.
3
Suppose -1458 = -14*a + 5*a. Calculate the highest common factor of 126 and a.
18
Let a(x) = -x**2 + 14*x - 16. Let o be (7/1)/(-2 - -3). Let y be a(o). Calculate the greatest common divisor of 363 and y.
33
Let d = -24 + 14. Suppose -4*s + 41 = -19. Let q be (-4)/d + 1344/s. Calculate the greatest common divisor of q and 10.
10
Suppose -2*o = 2*u - 36, 0 = 12*u - 8*u + 8. Calculate the highest common divisor of 620 and o.
20
Suppose -s = -3*f - 349, 18*f + 2 = 20*f. Calculate the highest common divisor of s and 22.
22
Let a(q) = -q**3 - 6*q**2 + 6*q - 6. Let v be a(-6). Suppose 887*t = 888*t + 72. Let g = v - t. What is the highest common divisor of 15 and g?
15
Let w be (3 - 1044/(-60))/((-1)/(-20)). What is the highest common divisor of w and 51?
51
Suppose 0 = 5*r + z - 245, -2*z + 255 = 5*r + z. Let x(w) = w**2 - 31*w + 70. Let k be x(30). Let p = -28 + k. Calculate the highest common factor of r and p.
12
Suppose 3*p - 126 = 4*k, 5*p - 2*k - 145 = 65. Calculate the highest common factor of 54